 53, 1171
What are the prime factors of 503892609?
3, 11, 71, 215063
List the prime factors of 38270738.
2, 11, 1739579
What are the prime factors of 14336329?
7, 43, 47629
What are the prime factors of 36184295?
5, 7, 113, 1307
What are the prime factors of 10962246?
2, 3, 17, 107473
What are the prime factors of 48453167?
7, 127, 54503
List the prime factors of 374370008.
2, 6199, 7549
What are the prime factors of 1823331673?
1823331673
What are the prime factors of 64866290?
2, 5, 6486629
What are the prime factors of 264757923?
3, 43, 457, 499
List the prime factors of 20573332.
2, 13, 17, 37
What are the prime factors of 634119773?
7, 90588539
List the prime factors of 17365686.
2, 3, 13, 251, 887
What are the prime factors of 6747738784?
2, 11093, 19009
List the prime factors of 40502898.
2, 3, 1109, 2029
List the prime factors of 875695359.
3, 7, 11, 3790889
What are the prime factors of 710372903?
20071, 35393
List the prime factors of 409954131.
3, 43, 1059313
List the prime factors of 2120297022.
2, 3, 117794279
What are the prime factors of 2000800892?
2, 193, 2591711
What are the prime factors of 468490987?
468490987
List the prime factors of 22555578.
2, 3, 3759263
List the prime factors of 1705867026.
2, 3, 97, 2931043
What are the prime factors of 285729344?
2, 29, 153949
What are the prime factors of 66259704?
2, 3, 7, 149, 2647
What are the prime factors of 200452393?
10331, 19403
What are the prime factors of 4250079051?
3, 79, 17932823
What are the prime factors of 79447904?
2, 2482747
List the prime factors of 4869489877.
7, 17, 40920083
What are the prime factors of 28255484?
2, 331, 21341
What are the prime factors of 48150556?
2, 29, 443, 937
List the prime factors of 45911304.
2, 3, 637657
What are the prime factors of 18146589?
3, 139, 43517
List the prime factors of 245121290.
2, 5, 53, 462493
List the prime factors of 4485886764.
2, 3, 17, 43, 511387
What are the prime factors of 272997010?
2, 5, 11, 13, 29, 227
List the prime factors of 536281321.
139, 283, 13633
List the prime factors of 246908931.
3, 131, 628267
What are the prime factors of 159351063?
3, 53117021
List the prime factors of 862461517.
862461517
List the prime factors of 8895474695.
5, 37, 113, 425519
What are the prime factors of 9738610?
2, 5, 7, 139123
What are the prime factors of 217636195?
5, 7, 131, 6781
What are the prime factors of 60390222?
2, 3, 17, 592061
What are the prime factors of 46522514?
2, 23, 1011359
List the prime factors of 102921760.
2, 5, 53, 229
List the prime factors of 72179527.
7, 1051, 9811
What are the prime factors of 37617058?
2, 18808529
What are the prime factors of 485640435?
3, 5, 7, 911, 5077
List the prime factors of 1236877634.
2, 131, 4720907
What are the prime factors of 197639312?
2, 13, 727, 1307
What are the prime factors of 5790481?
5790481
List the prime factors of 33293806.
2, 7, 13, 182933
What are the prime factors of 236172941?
367, 643523
List the prime factors of 3382028538.
2, 3, 7, 19, 47, 90173
What are the prime factors of 416868140?
2, 5, 13, 1603339
What are the prime factors of 54555143?
907, 60149
What are the prime factors of 209008308?
2, 3, 17417359
What are the prime factors of 5457671482?
2, 173, 15773617
List the prime factors of 103314547.
7, 41, 359981
What are the prime factors of 6921126041?
6921126041
List the prime factors of 405051536.
2, 227, 229, 487
List the prime factors of 2037618080.
2, 5, 12735113
List the prime factors of 3407032094.
2, 1109, 1536083
What are the prime factors of 42858299?
11, 191, 20399
List the prime factors of 947428083.
3, 7, 421
List the prime factors of 848478839.
13, 19, 29, 118453
List the prime factors of 366756609.
3, 1823, 67061
What are the prime factors of 65027377?
65027377
List the prime factors of 6334261245.
3, 5, 13, 10827797
List the prime factors of 1570846064.
2, 98177879
What are the prime factors of 39807484?
2, 73, 136327
What are the prime factors of 73858359?
3, 23, 1070411
What are the prime factors of 268996494?
2, 3, 13, 3448673
List the prime factors of 21317503.
107, 281, 709
List the prime factors of 30115107.
3, 11, 304193
What are the prime factors of 1132564388?
2, 19, 521, 28603
List the prime factors of 5009975.
5, 23, 8713
List the prime factors of 63156442.
2, 191, 165331
What are the prime factors of 2067475555?
5, 101, 4094011
What are the prime factors of 1780503227?
29, 61396663
List the prime factors of 28977417.
3, 7, 353, 1303
What are the prime factors of 1959150070?
2, 5, 195915007
List the prime factors of 87457492.
2, 37, 590929
List the prime factors of 745432248.
2, 3, 11, 2823607
List the prime factors of 62639030.
2, 5, 109, 57467
List the prime factors of 776628279.
3, 7, 331, 37243
What are the prime factors of 645882562?
2, 13, 277, 89681
What are the prime factors of 956328063?
3, 23, 13859827
List the prime factors of 207061945.
5, 73, 569, 997
What are the prime factors of 329057245?
5, 11, 173, 34583
What are the prime factors of 1282039162?
2, 31, 233, 88747
What are the prime factors of 26258409?
3, 41, 71161
List the prime factors of 196033624.
2, 479, 51157
What are the prime factors of 142957076?
2, 2203, 16223
What are the prime factors of 335731137?
3, 7, 1181, 13537
List the prime factors of 43114563.
3, 587, 8161
List the prime factors of 652522055.
5, 313, 416947
What are the prime factors of 49052276?
2, 7, 13, 17, 7927
What are the prime factors of 68171336?
2, 8521417
What are the prime factors of 64561397?
64561397
List the prime factors of 495170513.
2203, 224771
What are the prime factors of 433799957?
31, 139, 100673
List the prime factors of 953660063.
23, 43, 964267
List the prime factors of 174121112.
2, 11, 37, 53, 1009
What are the prime factors of 4384688441?
7, 37, 1399, 12101
List the prime factors of 38929054.
2, 19464527
What are the prime factors of 30397325?
5, 7, 173699
List the prime factors of 114782016.
2, 3, 597823
What are the prime factors of 501978515?
5, 100395703
What are the prime factors of 35150611?
17, 1217, 1699
List the prime factors of 237501730.
2, 5, 17, 1397069
List the prime factors of 4043614238.
2, 19, 61, 1744441
What are the prime factors of 835103636?
2, 208775909
What are the prime factors of 44718219?
3, 7, 13, 54601
What are the prime factors of 126857609?
2351, 53959
What are the prime factors of 561504486?
2, 3, 93584081
What are the prime factors of 1662660933?
3, 53, 10456987
List the prime factors of 450552487.
7, 11, 97, 179, 337
List the prime factors of 748663859.
19, 39403361
What are the prime factors of 111368785?
5, 11, 17, 19, 6269
List the prime factors of 76144109.
76144109
What are the prime factors of 365874254?
2, 182937127
List the prime factors of 657212479.
7, 11, 257, 33211
List the prime factors of 6343992870.
2, 3, 5, 349, 605921
List the prime factors of 2724659867.
173, 15749479
List the prime factors of 151774549.
1087, 139627
What are the prime factors of 43245542?
2, 21622771
List the prime factors of 60220262.
2, 173, 174047
What are the prime factors of 376003359?
3, 53, 788267
List the prime factors of 2146258700.
2, 5, 619, 34673
What are the prime factors of 2137026020?
2, 5, 37, 59, 48947
What are the prime factors of 50749629?
3, 7, 2416649
List the prime factors of 33865473.
3, 103, 109597
List the prime factors of 68093222.
2, 34046611
What are the prime factors of 25030199?
383, 65353
What are the prime factors of 36481919?
19, 1920101
List the prime factors of 143628294.
2, 3, 23938049
What are the prime factors of 2465365033?
2465365033
What are the prime factors of 86237508?
2, 3, 7, 631, 1627
What are the prime factors of 16384753?
7, 11, 17, 12517
What are the prime factors of 2952365558?
2, 1476182779
What are the prime factors of 15480475?
5, 307, 2017
What are the prime factors of 144254116?
2, 3571, 10099
What are the prime factors of 2153382585?
3, 5, 131, 317, 3457
List the prime factors of 1922363601.
3, 37, 733, 23627
What are the prime factors of 374402234?
2, 23, 1753, 4643
What are the prime factors of 1287508417?
13, 7618393
What are the prime factors of 25363115?
5, 31, 163633
List the prime factors of 683857844.
2, 17, 89, 112997
What are the prime factors of 2298226219?
1